1)/(-2)*2). Let k = v + 6. Let a(j) = -j**3 - 6*j**2 + 3. Give a(k).
3
Let v(z) = 6*z - 16. Let j(l) = 3*l - 8. Let p(k) = 13*j(k) - 6*v(k). What is p(8)?
16
Let b(j) = -j**2 + 4*j + 1. Let l(w) = -w**3 - 14*w**2 - 13*w + 6. Let f be l(-13). Calculate b(f).
-11
Let u(o) be the second derivative of o**3/3 - 7*o**2/2 + 30*o. Determine u(7).
7
Suppose z + 7 = 3. Let f(h) be the third derivative of h**6/120 + h**5/12 + 5*h**4/24 + h**3/2 - 8*h**2. What is f(z)?
-1
Suppose o - 9*w - 9 = -4*w, -5*o + 2*w - 24 = 0. Let p(m) = m**3 + 5*m**2 - 3*m - 2. What is p(o)?
-20
Let z(f) = -f**3 + 9*f**2 - 8*f + 5. Let u be z(8). Suppose 11 = -2*n + 5*b, 0 = u*n + 4*b - 3*b + 14. Let l(i) = -2*i - 1. Give l(n).
5
Suppose -5*a + v = -80 - 0, v - 5 = 0. Let d = a - 15. Let j(k) = 6*k - 2. What is j(d)?
10
Let d(b) = -2*b - 4. Let z be d(-3). Let q(l) = -4*l - 2. Determine q(z).
-10
Let z = -4 + 7. Suppose -5*f - 2*a + 1 = -z, 0 = -a + 2. Let i(o) = 0 + 3*o**2 - 3 + 0 + o - 2*o**2. Calculate i(f).
-3
Let y(u) be the third derivative of -u**8/5040 - u**7/1680 - u**6/720 + u**5/30 - u**2. Let d(w) be the third derivative of y(w). Give d(-2).
-11
Let v(q) = -q**3 - 1. Let z(s) = 6*s**3 - 4*s**2 - 2*s + 8. Let c(l) = 5*v(l) + z(l). Suppose -4*b = -6*b + 8. Determine c(b).
-5
Let l be 2 - 0/((-4)/(-2)). Let m(j) = 7*j**l - 7*j**2 - j - 7*j**3. Calculate m(1).
-8
Let y(x) = -10*x**3 + 5*x**2 + 5*x. Let g(h) = h**3 - h**2 - h. Let j(n) = -6*g(n) - y(n). Determine j(-1).
-4
Let w(q) = q**3 - 7*q**2 + 6*q. Suppose -2*u + t + 12 = 0, -u = 16*t - 13*t - 6. Determine w(u).
0
Let x(m) = 19*m + 2. Let p(b) = -29*b - 3. Let c(a) = -5*p(a) - 8*x(a). Let r be 0 + 9/(-3) + -12. Let l be ((-2)/3)/(10/r). Give c(l).
-8
Let j(l) = l**3 + 7*l**2 + l - 5. Let u(q) = 2*q**3 + 8*q**2 + 2*q - 6. Let o(a) = -3*j(a) + 2*u(a). Give o(5).
8
Suppose -24 = 5*i - 4. Let f(b) be the second derivative of -b**3/6 - b**2/2 + b. Determine f(i).
3
Let i(y) = 3*y + 1. Let j(t) = -4*t. Let v(o) = 6*i(o) + 4*j(o). Suppose 4*c = -6 + 2. Let s be -4 + -1 - (1 + c). Determine v(s).
-4
Let b(q) = -q**2 - 10*q - 1. Let t be b(-8). Suppose -4*w + t = -w. Let g(k) = k + 4*k**2 - w*k**2 + k. What is g(1)?
1
Let a(z) = 2*z**2 + 5*z + 2. Let f be (-7)/(28/12)*1. Give a(f).
5
Let w(a) = -a**2 - 9*a - 9. Let m = -8 + 11. Suppose 12 = 4*u, -m*u = 2*r - 0*u + 3. Give w(r).
9
Suppose -3*f = 2*y + 11, 2*f + 6 = 3*y - 10. Suppose -y*i - 4 = -10. Suppose -i*s - 2*s + z = 16, 3*z = -12. Let j(a) = a**2 + 4*a - 1. Give j(s).
-1
Suppose -i + l + 9 = -2*l, 0 = l + 3. Let k(p) = -p + 2. Determine k(i).
2
Let j(c) = c**3 + 15*c**2 - 16*c + 1. Let n be j(-16). Let b(k) = k. Determine b(n).
1
Suppose -x + 2*j = -2 + 1, -2*j - 16 = 2*x. Let b(n) = 2 + 0 - 6*n**2 - n**3 + 0*n - 5*n + 1. Determine b(x).
3
Let r(h) = 1 + h**2 + 1 + 2*h**2 + 3*h. Suppose 0 = 4*v + 5*n + 33, -5*v + 5*n + 0*n + 15 = 0. Determine r(v).
8
Let k(l) = -2*l + 5. Let s(f) = 3*f - 6. Let q(b) = -6*k(b) - 5*s(b). Let a(r) = -r**3 + 6*r**2 - 2*r + 6. Let p be a(6). Let c = p - -4. Determine q(c).
6
Let p(k) = 1. Let h(x) = -x + 1. Let j(g) = -4*h(g) + 5*p(g). Let w = 1 - 0. Calculate j(w).
5
Let s(n) = 48*n + 33. Let w(f) = -3*f - 2. Let h(g) = 2*s(g) + 33*w(g). Give h(-4).
12
Let l be (-4)/(-1)*(-10)/(-8). Let s(q) be the second derivative of q**4/8 - 7*q**3/6 - 3*q**2/2 - 3*q. Let y(p) be the first derivative of s(p). What is y(l)?
8
Let r(u) = u**3 + 4*u**2 + 2*u - 2. Let f = -11 + 18. Let i(m) = -m**3 - 9*m - 3 + 8*m**2 - 2*m + 5*m - m. Let s be i(f). Give r(s).
1
Let k be (1 - 0)*5/(-1). Let y(h) = 7*h**2 + 6*h + 2. Let s(m) = -11*m**2 - 9*m - 3. Let v(l) = k*s(l) - 8*y(l). Let c be 1/(((-10)/6)/5). Give v(c).
-1
Let s(n) = n**3 - 3*n + 3. Let r be s(2). Let q(z) = -6*z + 2 + r - 5. Give q(2).
-10
Let c(z) = -11*z**2 + 5*z + 17*z**2 - 3 - 1 + z**3. What is c(-4)?
8
Let s(u) = 9*u**2 + 2*u - 7. Let r(v) = -5*v**2 - v + 4. Let n(m) = 7*r(m) + 4*s(m). What is n(0)?
0
Let v(m) = -m - 7. Let h be v(-4). Let q(i) = i**3 + 4*i**2 + i - 1. Determine q(h).
5
Suppose -s - 6 = 2*u, 5*s + 7*u = 4*u - 16. Let b(y) be the second derivative of -y**3/6 - y**2/2 + y. What is b(s)?
1
Let m be 420/110 - 2/(-11). Let p(d) be the second derivative of -3/2*d**2 - d + 1/3*d**m - d**3 + 0 + 1/20*d**5. Calculate p(-5).
2
Suppose -g = 4*g - 5. Let d be (2 + 1)/(3/2). Let h(k) = 7*k**2 + k - 1 + 4*k**3 - 4*k**2 - 3*k**d. Calculate h(g).
4
Let x = 124 - 127. Let y(v) = -v**2 + v + 2. Let i be y(0). Let s(p) = p**3 + 3 + p**2 + 0 - i - 4*p. Give s(x).
-5
Let q(p) be the second derivative of 3*p + p**2 + 0 - 2/3*p**3 - 1/24*p**4. Let n(i) be the first derivative of q(i). Calculate n(-3).
-1
Let w = 3 - 4. Let z be ((-3)/w)/1 + -3. Let d(a) = -a + 1 + a**2 + 0*a**2 - 2 - a**3. Give d(z).
-1
Let d(h) = 2 + 1 - 5 + 0 + h - 2*h**2. Suppose -5*t - 7 + 26 = 2*c, -4*c + 11 = t. What is d(c)?
-8
Let n(f) = f**2 - 14*f + 7. Let p be n(13). Let r(q) = -q**3 - 7*q**2 - 8*q - 8. Give r(p).
4
Let i(d) = d - 3. Let z = 2 - 5. What is i(z)?
-6
Let y be 1/2*-2 - 1. Let d(j) = j**2 + 3*j - 2. Determine d(y).
-4
Let q(r) be the second derivative of -r**3/6 - 5*r**2/2 - 26*r - 2. Suppose 5*i = 5*x - 45, 0 = 4*i + i - x + 33. Give q(i).
1
Let a(x) = -3*x**2 - 4*x - 3. Let t(l) = -l**2 - l. Let p(b) = -a(b) + 4*t(b). Suppose 0 = -i - 3*i. Let o be i/((2 + -3)*1). What is p(o)?
3
Suppose 2*n + 2 = 0, 3*o - o + 9 = -3*n. Let s(u) = -u + 10 - 18 + 11. Determine s(o).
6
Suppose x - 19 = 5*v - v, -5*x - 3*v = -3. Let b(r) = x*r + r - 6*r + r. Determine b(2).
-2
Suppose 4*u + 10 = -u. Let r(m) = -2*m**2 - m + 2. Let n be r(u). Let c(v) = v - 2. Determine c(n).
-6
Let z be ((-2)/(-3))/(6/27). Let b(w) = -w + 3. What is b(z)?
0
Let u(g) = g + 7. Let s(n) = n + 1. Let z(t) = -2*s(t) + u(t). Determine z(-6).
11
Let a(j) be the third derivative of -j**4/24 + j**3/6 + 40*j**2 + 2*j. Let g(o) = o - 2. Let k be g(3). What is a(k)?
0
Let r(k) = k**2 + 13*k - 14. Let h be r(-14). Suppose h = 2*j - d, 0*d = -5*j + 2*d. Let t(x) = x**3 + x**2 + 1. Determine t(j).
1
Let n(i) be the second derivative of i**5/20 - 5*i**4/12 + 5*i**3/6 - i**2/2 - 9*i. Calculate n(4).
3
Suppose -4*u - 3 + 19 = 0. Let d(i) = -2*i**2 + 6*i. What is d(u)?
-8
Suppose 43*u = 32*u. Let r(p) = p**2 + p + 1. Determine r(u).
1
Let k be 4/16*(-28)/(-1). Let c(l) = -l**2 + 7*l + 1. Give c(k).
1
Let q(p) = 9 - 23 + 4*p**2 + 12. Give q(2).
14
Let r = 8 + -6. Let b(y) = 1 - 4*y**2 - 5*y**3 - 2*y**3 + 2*y**r + 0*y**2. Calculate b(-1).
6
Suppose -30 = 12*z + 6. Let h(r) = -r + 4. Calculate h(z).
7
Let b(d) be the first derivative of 2*d + d**2 - 4*d - d - 1. Determine b(3).
3
Let r(z) = z - 18. Let a be r(15). Let t(w) = -w**2 - 3*w - 4. What is t(a)?
-4
Suppose -5*a - 40 = -4*g, -3*a - 22 - 10 = -4*g. Let o = a - -2. Let i = o - 0. Let m(b) = b - 2. Calculate m(i).
-4
Let j(m) = 7*m + 9*m - 21*m. What is j(-2)?
10
Let j(g) = g**2 + 6*g + 4. Let l = -8 + 30. Let s be l/(-6) - (-4)/(-12). Calculate j(s).
-4
Let a(p) = -2*p + 6. Suppose -4*n + 21 = -3. Let v be a(n). Let s(u) = -u**2 - 5*u + 1. Determine s(v).
-5
Let i(m) = 29*m - 17*m - 10*m - 4. Suppose -w = -5 - 1. Give i(w).
8
Let x(o) = 5*o**2 + 7*o + 1. Let p(t) = 11*t**2 + 15*t + 2. Let g(j) = -6*p(j) + 13*x(j). Give g(-1).
-1
Let h(x) = -x - 1. Let f(w) = -2*w - 2. Let r(k) = -3*f(k) + 4*h(k). Let n = -4 + 8. Let j be (-2)/(-4)*(2 + n). Calculate r(j).
8
Suppose -4*i + 4 = -2*i. Let y(c) = 5 + 4*c + 0*c + 6*c**2 - 5*c**i. Determine y(-4).
5
Let a(v) = -8*v + 19*v - 6*v + 6*v**2 - 3 + v**3. Let s = -12 + 7. Determine a(s).
-3
Let k(n) = 4*n - 4. Let q(s) = -s + 1. Let o(z) = -3*k(z) - 14*q(z). Determine o(6).
10
Let v(p) be the second derivative of p**3/3 - p**2/2 - 2*p. Give v(4).
7
Let y(t) = 8*t**2 - t - 1. Let h be y(-2). Suppose -j + 5 + 8 = 3*m, 3*j + h = 3*m. Let c(f) = -f + 6. Determine c(m).
0
Let n(v) = -v. Let i(t) = 5*t + 8. Let u(d) = 11*d + 16. Let l(o) = 9*i(o) - 4*u(o). Let b be l(-6). Let g be (b + (-24)/9)*3. Calculate n(g).
2
Let o(u) = -7*u + 3. Let z(m) = 8*m - 2. Let p(x) = 3*o(x) + 4*z(x). Calculate p(1).
12
Let k = 9 - 3. Let u(a) = -a + 2. Calculate u(k).
-4
Suppose 3*h = -2*d - 8, 4*d + 3*h + 1 = -9. Let x(v) = 5*v**2 - v - 1. Determine x(d).
5
Let w be (-2 + 1)/((-1)/7). Let p